{"id":86,"date":"2025-11-25T10:43:21","date_gmt":"2025-11-25T10:43:21","guid":{"rendered":"https:\/\/studiodescalanques.fr\/?page_id=86"},"modified":"2025-11-26T15:36:14","modified_gmt":"2025-11-26T15:36:14","slug":"lendroit","status":"publish","type":"page","link":"https:\/\/studiodescalanques.fr\/index.php\/lendroit\/","title":{"rendered":"L&rsquo;endroit"},"content":{"rendered":"\n<h3 class=\"wp-block-heading\" id=\"photos\">Galerie photos<\/h3>\n\n\n\n<figure class=\"wp-block-gallery has-nested-images columns-default is-cropped wp-block-gallery-1 is-layout-flex wp-block-gallery-is-layout-flex\">\n<figure class=\"wp-block-image size-large\"><img loading=\"lazy\" decoding=\"async\" width=\"1024\" height=\"768\" data-id=\"133\" src=\"https:\/\/studiodescalanques.fr\/wp-content\/uploads\/2025\/11\/IMG_3504-1024x768.jpeg\" alt=\"\" class=\"wp-image-133\" srcset=\"https:\/\/studiodescalanques.fr\/wp-content\/uploads\/2025\/11\/IMG_3504-1024x768.jpeg 1024w, https:\/\/studiodescalanques.fr\/wp-content\/uploads\/2025\/11\/IMG_3504-300x225.jpeg 300w, https:\/\/studiodescalanques.fr\/wp-content\/uploads\/2025\/11\/IMG_3504-768x576.jpeg 768w, https:\/\/studiodescalanques.fr\/wp-content\/uploads\/2025\/11\/IMG_3504-1536x1152.jpeg 1536w, https:\/\/studiodescalanques.fr\/wp-content\/uploads\/2025\/11\/IMG_3504-2048x1536.jpeg 2048w\" sizes=\"auto, (max-width: 1024px) 100vw, 1024px\" \/><\/figure>\n\n\n\n<figure class=\"wp-block-image size-large\"><img loading=\"lazy\" decoding=\"async\" width=\"1024\" height=\"936\" data-id=\"134\" src=\"https:\/\/studiodescalanques.fr\/wp-content\/uploads\/2025\/11\/IMG_2848-1024x936.jpeg\" alt=\"\" class=\"wp-image-134\" srcset=\"https:\/\/studiodescalanques.fr\/wp-content\/uploads\/2025\/11\/IMG_2848-1024x936.jpeg 1024w, https:\/\/studiodescalanques.fr\/wp-content\/uploads\/2025\/11\/IMG_2848-300x274.jpeg 300w, https:\/\/studiodescalanques.fr\/wp-content\/uploads\/2025\/11\/IMG_2848-768x702.jpeg 768w, https:\/\/studiodescalanques.fr\/wp-content\/uploads\/2025\/11\/IMG_2848-1536x1403.jpeg 1536w, https:\/\/studiodescalanques.fr\/wp-content\/uploads\/2025\/11\/IMG_2848-2048x1871.jpeg 2048w\" sizes=\"auto, (max-width: 1024px) 100vw, 1024px\" \/><\/figure>\n\n\n\n<figure class=\"wp-block-image size-large\"><img loading=\"lazy\" decoding=\"async\" width=\"1024\" height=\"768\" data-id=\"135\" src=\"https:\/\/studiodescalanques.fr\/wp-content\/uploads\/2025\/11\/IMG_2152-1024x768.jpeg\" alt=\"\" class=\"wp-image-135\" srcset=\"https:\/\/studiodescalanques.fr\/wp-content\/uploads\/2025\/11\/IMG_2152-1024x768.jpeg 1024w, https:\/\/studiodescalanques.fr\/wp-content\/uploads\/2025\/11\/IMG_2152-300x225.jpeg 300w, https:\/\/studiodescalanques.fr\/wp-content\/uploads\/2025\/11\/IMG_2152-768x576.jpeg 768w, https:\/\/studiodescalanques.fr\/wp-content\/uploads\/2025\/11\/IMG_2152-1536x1152.jpeg 1536w, https:\/\/studiodescalanques.fr\/wp-content\/uploads\/2025\/11\/IMG_2152-2048x1536.jpeg 2048w\" sizes=\"auto, (max-width: 1024px) 100vw, 1024px\" \/><\/figure>\n\n\n\n<figure class=\"wp-block-image size-large\"><img loading=\"lazy\" decoding=\"async\" width=\"878\" height=\"1024\" data-id=\"132\" src=\"https:\/\/studiodescalanques.fr\/wp-content\/uploads\/2025\/11\/IMG_3650-878x1024.jpeg\" alt=\"\" class=\"wp-image-132\" srcset=\"https:\/\/studiodescalanques.fr\/wp-content\/uploads\/2025\/11\/IMG_3650-878x1024.jpeg 878w, https:\/\/studiodescalanques.fr\/wp-content\/uploads\/2025\/11\/IMG_3650-257x300.jpeg 257w, https:\/\/studiodescalanques.fr\/wp-content\/uploads\/2025\/11\/IMG_3650-768x896.jpeg 768w, https:\/\/studiodescalanques.fr\/wp-content\/uploads\/2025\/11\/IMG_3650-1316x1536.jpeg 1316w, https:\/\/studiodescalanques.fr\/wp-content\/uploads\/2025\/11\/IMG_3650.jpeg 1732w\" sizes=\"auto, (max-width: 878px) 100vw, 878px\" \/><\/figure>\n\n\n\n<figure class=\"wp-block-image size-large\"><img loading=\"lazy\" decoding=\"async\" width=\"1024\" height=\"768\" data-id=\"131\" src=\"https:\/\/studiodescalanques.fr\/wp-content\/uploads\/2025\/11\/IMG_3653-1024x768.jpeg\" alt=\"\" class=\"wp-image-131\" srcset=\"https:\/\/studiodescalanques.fr\/wp-content\/uploads\/2025\/11\/IMG_3653-1024x768.jpeg 1024w, https:\/\/studiodescalanques.fr\/wp-content\/uploads\/2025\/11\/IMG_3653-300x225.jpeg 300w, https:\/\/studiodescalanques.fr\/wp-content\/uploads\/2025\/11\/IMG_3653-768x576.jpeg 768w, https:\/\/studiodescalanques.fr\/wp-content\/uploads\/2025\/11\/IMG_3653-1536x1152.jpeg 1536w, https:\/\/studiodescalanques.fr\/wp-content\/uploads\/2025\/11\/IMG_3653-2048x1536.jpeg 2048w\" sizes=\"auto, (max-width: 1024px) 100vw, 1024px\" \/><\/figure>\n\n\n\n<figure class=\"wp-block-image size-large\"><img loading=\"lazy\" decoding=\"async\" width=\"1024\" height=\"768\" data-id=\"129\" src=\"https:\/\/studiodescalanques.fr\/wp-content\/uploads\/2025\/11\/IMG_4436-1024x768.jpeg\" alt=\"\" class=\"wp-image-129\" srcset=\"https:\/\/studiodescalanques.fr\/wp-content\/uploads\/2025\/11\/IMG_4436-1024x768.jpeg 1024w, https:\/\/studiodescalanques.fr\/wp-content\/uploads\/2025\/11\/IMG_4436-300x225.jpeg 300w, https:\/\/studiodescalanques.fr\/wp-content\/uploads\/2025\/11\/IMG_4436-768x576.jpeg 768w, https:\/\/studiodescalanques.fr\/wp-content\/uploads\/2025\/11\/IMG_4436-1536x1152.jpeg 1536w, https:\/\/studiodescalanques.fr\/wp-content\/uploads\/2025\/11\/IMG_4436-2048x1536.jpeg 2048w\" sizes=\"auto, (max-width: 1024px) 100vw, 1024px\" \/><\/figure>\n\n\n\n<figure class=\"wp-block-image size-large\"><img loading=\"lazy\" decoding=\"async\" width=\"1024\" height=\"768\" data-id=\"128\" src=\"https:\/\/studiodescalanques.fr\/wp-content\/uploads\/2025\/11\/IMG_5267-1024x768.jpeg\" alt=\"\" class=\"wp-image-128\" srcset=\"https:\/\/studiodescalanques.fr\/wp-content\/uploads\/2025\/11\/IMG_5267-1024x768.jpeg 1024w, https:\/\/studiodescalanques.fr\/wp-content\/uploads\/2025\/11\/IMG_5267-300x225.jpeg 300w, https:\/\/studiodescalanques.fr\/wp-content\/uploads\/2025\/11\/IMG_5267-768x576.jpeg 768w, https:\/\/studiodescalanques.fr\/wp-content\/uploads\/2025\/11\/IMG_5267-1536x1152.jpeg 1536w, https:\/\/studiodescalanques.fr\/wp-content\/uploads\/2025\/11\/IMG_5267-2048x1536.jpeg 2048w\" sizes=\"auto, (max-width: 1024px) 100vw, 1024px\" \/><\/figure>\n\n\n\n<figure class=\"wp-block-image size-large\"><img loading=\"lazy\" decoding=\"async\" width=\"1024\" height=\"768\" data-id=\"127\" src=\"https:\/\/studiodescalanques.fr\/wp-content\/uploads\/2025\/11\/IMG_6695-1024x768.jpeg\" alt=\"\" class=\"wp-image-127\" srcset=\"https:\/\/studiodescalanques.fr\/wp-content\/uploads\/2025\/11\/IMG_6695-1024x768.jpeg 1024w, https:\/\/studiodescalanques.fr\/wp-content\/uploads\/2025\/11\/IMG_6695-300x225.jpeg 300w, https:\/\/studiodescalanques.fr\/wp-content\/uploads\/2025\/11\/IMG_6695-768x576.jpeg 768w, https:\/\/studiodescalanques.fr\/wp-content\/uploads\/2025\/11\/IMG_6695-1536x1152.jpeg 1536w, https:\/\/studiodescalanques.fr\/wp-content\/uploads\/2025\/11\/IMG_6695-2048x1536.jpeg 2048w\" sizes=\"auto, (max-width: 1024px) 100vw, 1024px\" \/><\/figure>\n\n\n\n<figure class=\"wp-block-image size-large\"><img loading=\"lazy\" decoding=\"async\" width=\"1024\" height=\"768\" data-id=\"126\" src=\"https:\/\/studiodescalanques.fr\/wp-content\/uploads\/2025\/11\/IMG_7201-1024x768.jpeg\" alt=\"\" class=\"wp-image-126\" srcset=\"https:\/\/studiodescalanques.fr\/wp-content\/uploads\/2025\/11\/IMG_7201-1024x768.jpeg 1024w, https:\/\/studiodescalanques.fr\/wp-content\/uploads\/2025\/11\/IMG_7201-300x225.jpeg 300w, https:\/\/studiodescalanques.fr\/wp-content\/uploads\/2025\/11\/IMG_7201-768x576.jpeg 768w, https:\/\/studiodescalanques.fr\/wp-content\/uploads\/2025\/11\/IMG_7201-1536x1152.jpeg 1536w, https:\/\/studiodescalanques.fr\/wp-content\/uploads\/2025\/11\/IMG_7201-2048x1536.jpeg 2048w\" sizes=\"auto, (max-width: 1024px) 100vw, 1024px\" \/><\/figure>\n\n\n\n<figure class=\"wp-block-image size-large\"><img loading=\"lazy\" decoding=\"async\" width=\"768\" height=\"1024\" data-id=\"125\" src=\"https:\/\/studiodescalanques.fr\/wp-content\/uploads\/2025\/11\/IMG_7886-768x1024.jpeg\" alt=\"\" class=\"wp-image-125\" srcset=\"https:\/\/studiodescalanques.fr\/wp-content\/uploads\/2025\/11\/IMG_7886-768x1024.jpeg 768w, https:\/\/studiodescalanques.fr\/wp-content\/uploads\/2025\/11\/IMG_7886-225x300.jpeg 225w, https:\/\/studiodescalanques.fr\/wp-content\/uploads\/2025\/11\/IMG_7886-1152x1536.jpeg 1152w, https:\/\/studiodescalanques.fr\/wp-content\/uploads\/2025\/11\/IMG_7886-1536x2048.jpeg 1536w, https:\/\/studiodescalanques.fr\/wp-content\/uploads\/2025\/11\/IMG_7886-scaled.jpeg 1920w\" sizes=\"auto, (max-width: 768px) 100vw, 768px\" \/><\/figure>\n\n\n\n<figure class=\"wp-block-image size-large\"><img loading=\"lazy\" decoding=\"async\" width=\"768\" height=\"1024\" data-id=\"124\" src=\"https:\/\/studiodescalanques.fr\/wp-content\/uploads\/2025\/11\/IMG_8126-768x1024.jpeg\" alt=\"\" class=\"wp-image-124\" srcset=\"https:\/\/studiodescalanques.fr\/wp-content\/uploads\/2025\/11\/IMG_8126-768x1024.jpeg 768w, https:\/\/studiodescalanques.fr\/wp-content\/uploads\/2025\/11\/IMG_8126-225x300.jpeg 225w, https:\/\/studiodescalanques.fr\/wp-content\/uploads\/2025\/11\/IMG_8126-1152x1536.jpeg 1152w, https:\/\/studiodescalanques.fr\/wp-content\/uploads\/2025\/11\/IMG_8126-1536x2048.jpeg 1536w, https:\/\/studiodescalanques.fr\/wp-content\/uploads\/2025\/11\/IMG_8126-scaled.jpeg 1920w\" sizes=\"auto, (max-width: 768px) 100vw, 768px\" \/><\/figure>\n\n\n\n<figure class=\"wp-block-image size-large\"><img loading=\"lazy\" decoding=\"async\" width=\"1024\" height=\"768\" data-id=\"123\" src=\"https:\/\/studiodescalanques.fr\/wp-content\/uploads\/2025\/11\/IMG_8131-1024x768.jpeg\" alt=\"\" class=\"wp-image-123\" srcset=\"https:\/\/studiodescalanques.fr\/wp-content\/uploads\/2025\/11\/IMG_8131-1024x768.jpeg 1024w, https:\/\/studiodescalanques.fr\/wp-content\/uploads\/2025\/11\/IMG_8131-300x225.jpeg 300w, https:\/\/studiodescalanques.fr\/wp-content\/uploads\/2025\/11\/IMG_8131-768x576.jpeg 768w, https:\/\/studiodescalanques.fr\/wp-content\/uploads\/2025\/11\/IMG_8131-1536x1152.jpeg 1536w, https:\/\/studiodescalanques.fr\/wp-content\/uploads\/2025\/11\/IMG_8131-2048x1536.jpeg 2048w\" sizes=\"auto, (max-width: 1024px) 100vw, 1024px\" \/><\/figure>\n\n\n\n<figure class=\"wp-block-image size-large\"><img loading=\"lazy\" decoding=\"async\" width=\"1024\" height=\"768\" data-id=\"122\" src=\"https:\/\/studiodescalanques.fr\/wp-content\/uploads\/2025\/11\/IMG_8561-1024x768.jpeg\" alt=\"\" class=\"wp-image-122\" srcset=\"https:\/\/studiodescalanques.fr\/wp-content\/uploads\/2025\/11\/IMG_8561-1024x768.jpeg 1024w, https:\/\/studiodescalanques.fr\/wp-content\/uploads\/2025\/11\/IMG_8561-300x225.jpeg 300w, https:\/\/studiodescalanques.fr\/wp-content\/uploads\/2025\/11\/IMG_8561-768x576.jpeg 768w, https:\/\/studiodescalanques.fr\/wp-content\/uploads\/2025\/11\/IMG_8561-1536x1152.jpeg 1536w, https:\/\/studiodescalanques.fr\/wp-content\/uploads\/2025\/11\/IMG_8561-2048x1536.jpeg 2048w\" sizes=\"auto, (max-width: 1024px) 100vw, 1024px\" \/><\/figure>\n\n\n\n<figure class=\"wp-block-image size-large\"><img loading=\"lazy\" decoding=\"async\" width=\"768\" height=\"1024\" data-id=\"121\" src=\"https:\/\/studiodescalanques.fr\/wp-content\/uploads\/2025\/11\/IMG_8768-768x1024.jpeg\" alt=\"\" class=\"wp-image-121\" srcset=\"https:\/\/studiodescalanques.fr\/wp-content\/uploads\/2025\/11\/IMG_8768-768x1024.jpeg 768w, https:\/\/studiodescalanques.fr\/wp-content\/uploads\/2025\/11\/IMG_8768-225x300.jpeg 225w, https:\/\/studiodescalanques.fr\/wp-content\/uploads\/2025\/11\/IMG_8768-1152x1536.jpeg 1152w, https:\/\/studiodescalanques.fr\/wp-content\/uploads\/2025\/11\/IMG_8768-1536x2048.jpeg 1536w, https:\/\/studiodescalanques.fr\/wp-content\/uploads\/2025\/11\/IMG_8768-scaled.jpeg 1920w\" sizes=\"auto, (max-width: 768px) 100vw, 768px\" \/><\/figure>\n\n\n\n<figure class=\"wp-block-image size-large\"><img loading=\"lazy\" decoding=\"async\" width=\"768\" height=\"1024\" data-id=\"120\" src=\"https:\/\/studiodescalanques.fr\/wp-content\/uploads\/2025\/11\/IMG_8890-768x1024.jpeg\" alt=\"\" class=\"wp-image-120\" srcset=\"https:\/\/studiodescalanques.fr\/wp-content\/uploads\/2025\/11\/IMG_8890-768x1024.jpeg 768w, https:\/\/studiodescalanques.fr\/wp-content\/uploads\/2025\/11\/IMG_8890-225x300.jpeg 225w, https:\/\/studiodescalanques.fr\/wp-content\/uploads\/2025\/11\/IMG_8890-1152x1536.jpeg 1152w, https:\/\/studiodescalanques.fr\/wp-content\/uploads\/2025\/11\/IMG_8890-1536x2048.jpeg 1536w, https:\/\/studiodescalanques.fr\/wp-content\/uploads\/2025\/11\/IMG_8890-scaled.jpeg 1920w\" sizes=\"auto, (max-width: 768px) 100vw, 768px\" \/><\/figure>\n<\/figure>\n\n\n\n<h3 class=\"wp-block-heading\" id=\"conseils\">Conseils de tourisme<\/h3>\n\n\n\n<p>Vous pouvez consulter le site de <a href=\"https:\/\/www.destinationlaciotat.com\" target=\"_blank\" rel=\"noreferrer noopener\">l&rsquo;office de tourisme de La Ciotat<\/a>.<br><a href=\"https:\/\/www.destinationlaciotat.com\/profiter\/loisirs-en-plein-air\/les-randonnees\/\" target=\"_blank\" rel=\"noreferrer noopener\">Les randonn\u00e9es<\/a> \u00e0 pied.<br><a href=\"https:\/\/www.destinationlaciotat.com\/profiter\/loisirs-en-plein-air\/les-randonnees-a-velo\/\" target=\"_blank\" rel=\"noreferrer noopener\">Les randonn\u00e9es \u00e0 v\u00e9lo<\/a>.<br><a href=\"https:\/\/www.destinationlaciotat.com\/profiter\/loisirs-en-plein-air\/les-activites-nautiques\/\" target=\"_blank\" rel=\"noreferrer noopener\">Les activit\u00e9s nautiques<\/a>.<br><a href=\"https:\/\/www.destinationlaciotat.com\/profiter\/loisirs-en-plein-air\/les-activites-terrestres\/\" target=\"_blank\" rel=\"noreferrer noopener\">Les activit\u00e9s terrestres<\/a>.<br>Les activit\u00e9s et actualit\u00e9s de la ville de La Ciotat sont disponibles sur <a href=\"https:\/\/www.laciotat.com\" target=\"_blank\" rel=\"noreferrer noopener\">le site de la mairie<\/a>.<br><\/p>\n\n\n\n<h3 class=\"wp-block-heading\" id=\"adresses\">Bonnes adresses<\/h3>\n\n\n\n<p>Bonnes adresses de <a href=\"https:\/\/www.lebonbon.fr\/marseille\/lifestyle\/la-ciotat-cityguide-meilleures-adresses\/\" target=\"_blank\" rel=\"noreferrer noopener\">LeBonbon.fr<\/a>.<br>Conseils de <a href=\"https:\/\/littleweekends.fr\/guides-voyage-france\/la-ciotat\/\" target=\"_blank\" rel=\"noreferrer noopener\">Little Week-ends<\/a>.<br>Coups de coeur de <a href=\"https:\/\/ichtusmagazine.fr\/2024\/08\/06\/city-guide-les-bonnes-adresses-de-la-ciotat\/\" target=\"_blank\" rel=\"noreferrer noopener\">City Guide<\/a>. <\/p>\n\n\n\n<p><\/p>\n","protected":false},"excerpt":{"rendered":"<p>Galerie photos Conseils de tourisme Vous pouvez consulter le site de l&rsquo;office de tourisme de La Ciotat.Les randonn\u00e9es \u00e0 pied.Les [&hellip;]<\/p>\n","protected":false},"author":1,"featured_media":90,"parent":0,"menu_order":0,"comment_status":"closed","ping_status":"closed","template":"","meta":{"site-sidebar-layout":"default","site-content-layout":"","ast-site-content-layout":"default","site-content-style":"default","site-sidebar-style":"default","ast-global-header-display":"","ast-banner-title-visibility":"","ast-main-header-display":"","ast-hfb-above-header-display":"","ast-hfb-below-header-display":"","ast-hfb-mobile-header-display":"","site-post-title":"","ast-breadcrumbs-content":"","ast-featured-img":"","footer-sml-layout":"","ast-disable-related-posts":"","theme-transparent-header-meta":"","adv-header-id-meta":"","stick-header-meta":"","header-above-stick-meta":"","header-main-stick-meta":"","header-below-stick-meta":"","astra-migrate-meta-layouts":"default","ast-page-background-enabled":"default","ast-page-background-meta":{"desktop":{"background-color":"var(--ast-global-color-5)","background-image":"","background-repeat":"repeat","background-position":"center center","background-size":"auto","background-attachment":"scroll","background-type":"","background-media":"","overlay-type":"","overlay-color":"","overlay-opacity":"","overlay-gradient":""},"tablet":{"background-color":"","background-image":"","background-repeat":"repeat","background-position":"center center","background-size":"auto","background-attachment":"scroll","background-type":"","background-media":"","overlay-type":"","overlay-color":"","overlay-opacity":"","overlay-gradient":""},"mobile":{"background-color":"","background-image":"","background-repeat":"repeat","background-position":"center center","background-size":"auto","background-attachment":"scroll","background-type":"","background-media":"","overlay-type":"","overlay-color":"","overlay-opacity":"","overlay-gradient":""}},"ast-content-background-meta":{"desktop":{"background-color":"var(--ast-global-color-4)","background-image":"","background-repeat":"repeat","background-position":"center center","background-size":"auto","background-attachment":"scroll","background-type":"","background-media":"","overlay-type":"","overlay-color":"","overlay-opacity":"","overlay-gradient":""},"tablet":{"background-color":"var(--ast-global-color-4)","background-image":"","background-repeat":"repeat","background-position":"center center","background-size":"auto","background-attachment":"scroll","background-type":"","background-media":"","overlay-type":"","overlay-color":"","overlay-opacity":"","overlay-gradient":""},"mobile":{"background-color":"var(--ast-global-color-4)","background-image":"","background-repeat":"repeat","background-position":"center center","background-size":"auto","background-attachment":"scroll","background-type":"","background-media":"","overlay-type":"","overlay-color":"","overlay-opacity":"","overlay-gradient":""}},"footnotes":""},"class_list":["post-86","page","type-page","status-publish","has-post-thumbnail","hentry"],"yoast_head":"<!-- This site is optimized with the Yoast SEO plugin v26.9 - https:\/\/yoast.com\/product\/yoast-seo-wordpress\/ -->\n<title>L&#039;endroit - Le studio des calanques<\/title>\n<meta name=\"description\" content=\"Le studio des calanques, id\u00e9alement situ\u00e9, vous attend pour un s\u00e9jour de r\u00eave \u00e0 La Ciotat.\" \/>\n<meta name=\"robots\" content=\"index, follow, max-snippet:-1, max-image-preview:large, max-video-preview:-1\" \/>\n<link rel=\"canonical\" href=\"https:\/\/studiodescalanques.fr\/index.php\/lendroit\/\" \/>\n<meta property=\"og:locale\" content=\"fr_FR\" \/>\n<meta property=\"og:type\" content=\"article\" \/>\n<meta property=\"og:title\" content=\"L&#039;endroit - Le studio des calanques\" \/>\n<meta property=\"og:description\" content=\"Le studio des calanques, id\u00e9alement situ\u00e9, vous attend pour un s\u00e9jour de r\u00eave \u00e0 La Ciotat.\" \/>\n<meta property=\"og:url\" content=\"https:\/\/studiodescalanques.fr\/index.php\/lendroit\/\" \/>\n<meta property=\"og:site_name\" content=\"Le studio des calanques\" \/>\n<meta property=\"article:modified_time\" content=\"2025-11-26T15:36:14+00:00\" \/>\n<meta property=\"og:image\" content=\"https:\/\/studiodescalanques.fr\/wp-content\/uploads\/2025\/11\/visite-vieux-port-La-Ciotat.jpeg\" \/>\n\t<meta property=\"og:image:width\" content=\"800\" \/>\n\t<meta property=\"og:image:height\" content=\"600\" \/>\n\t<meta property=\"og:image:type\" content=\"image\/jpeg\" \/>\n<meta name=\"twitter:card\" content=\"summary_large_image\" \/>\n<meta name=\"twitter:label1\" content=\"Dur\u00e9e de lecture estim\u00e9e\" \/>\n\t<meta name=\"twitter:data1\" content=\"4 minutes\" \/>\n<script type=\"application\/ld+json\" class=\"yoast-schema-graph\">{\"@context\":\"https:\/\/schema.org\",\"@graph\":[{\"@type\":\"WebPage\",\"@id\":\"https:\/\/studiodescalanques.fr\/index.php\/lendroit\/\",\"url\":\"https:\/\/studiodescalanques.fr\/index.php\/lendroit\/\",\"name\":\"L'endroit - Le studio des calanques\",\"isPartOf\":{\"@id\":\"https:\/\/studiodescalanques.fr\/#website\"},\"primaryImageOfPage\":{\"@id\":\"https:\/\/studiodescalanques.fr\/index.php\/lendroit\/#primaryimage\"},\"image\":{\"@id\":\"https:\/\/studiodescalanques.fr\/index.php\/lendroit\/#primaryimage\"},\"thumbnailUrl\":\"https:\/\/studiodescalanques.fr\/wp-content\/uploads\/2025\/11\/visite-vieux-port-La-Ciotat.jpeg\",\"datePublished\":\"2025-11-25T10:43:21+00:00\",\"dateModified\":\"2025-11-26T15:36:14+00:00\",\"description\":\"Le studio des calanques, id\u00e9alement situ\u00e9, vous attend pour un s\u00e9jour de r\u00eave \u00e0 La Ciotat.\",\"breadcrumb\":{\"@id\":\"https:\/\/studiodescalanques.fr\/index.php\/lendroit\/#breadcrumb\"},\"inLanguage\":\"fr-FR\",\"potentialAction\":[{\"@type\":\"ReadAction\",\"target\":[\"https:\/\/studiodescalanques.fr\/index.php\/lendroit\/\"]}]},{\"@type\":\"ImageObject\",\"inLanguage\":\"fr-FR\",\"@id\":\"https:\/\/studiodescalanques.fr\/index.php\/lendroit\/#primaryimage\",\"url\":\"https:\/\/studiodescalanques.fr\/wp-content\/uploads\/2025\/11\/visite-vieux-port-La-Ciotat.jpeg\",\"contentUrl\":\"https:\/\/studiodescalanques.fr\/wp-content\/uploads\/2025\/11\/visite-vieux-port-La-Ciotat.jpeg\",\"width\":800,\"height\":600},{\"@type\":\"BreadcrumbList\",\"@id\":\"https:\/\/studiodescalanques.fr\/index.php\/lendroit\/#breadcrumb\",\"itemListElement\":[{\"@type\":\"ListItem\",\"position\":1,\"name\":\"Accueil\",\"item\":\"https:\/\/studiodescalanques.fr\/\"},{\"@type\":\"ListItem\",\"position\":2,\"name\":\"L&rsquo;endroit\"}]},{\"@type\":\"WebSite\",\"@id\":\"https:\/\/studiodescalanques.fr\/#website\",\"url\":\"https:\/\/studiodescalanques.fr\/\",\"name\":\"Le studio des calanques\",\"description\":\"Le studio des calanques\",\"publisher\":{\"@id\":\"https:\/\/studiodescalanques.fr\/#organization\"},\"potentialAction\":[{\"@type\":\"SearchAction\",\"target\":{\"@type\":\"EntryPoint\",\"urlTemplate\":\"https:\/\/studiodescalanques.fr\/?s={search_term_string}\"},\"query-input\":{\"@type\":\"PropertyValueSpecification\",\"valueRequired\":true,\"valueName\":\"search_term_string\"}}],\"inLanguage\":\"fr-FR\"},{\"@type\":\"Organization\",\"@id\":\"https:\/\/studiodescalanques.fr\/#organization\",\"name\":\"Le studio des calanques\",\"url\":\"https:\/\/studiodescalanques.fr\/\",\"logo\":{\"@type\":\"ImageObject\",\"inLanguage\":\"fr-FR\",\"@id\":\"https:\/\/studiodescalanques.fr\/#\/schema\/logo\/image\/\",\"url\":\"https:\/\/studiodescalanques.fr\/wp-content\/uploads\/2025\/11\/le-port-de-la-ciotat.jpg.webp\",\"contentUrl\":\"https:\/\/studiodescalanques.fr\/wp-content\/uploads\/2025\/11\/le-port-de-la-ciotat.jpg.webp\",\"width\":620,\"height\":400,\"caption\":\"Le studio des calanques\"},\"image\":{\"@id\":\"https:\/\/studiodescalanques.fr\/#\/schema\/logo\/image\/\"}}]}<\/script>\n<!-- \/ Yoast SEO plugin. -->","yoast_head_json":{"title":"L'endroit - Le studio des calanques","description":"Le studio des calanques, id\u00e9alement situ\u00e9, vous attend pour un s\u00e9jour de r\u00eave \u00e0 La Ciotat.","robots":{"index":"index","follow":"follow","max-snippet":"max-snippet:-1","max-image-preview":"max-image-preview:large","max-video-preview":"max-video-preview:-1"},"canonical":"https:\/\/studiodescalanques.fr\/index.php\/lendroit\/","og_locale":"fr_FR","og_type":"article","og_title":"L'endroit - Le studio des calanques","og_description":"Le studio des calanques, id\u00e9alement situ\u00e9, vous attend pour un s\u00e9jour de r\u00eave \u00e0 La Ciotat.","og_url":"https:\/\/studiodescalanques.fr\/index.php\/lendroit\/","og_site_name":"Le studio des calanques","article_modified_time":"2025-11-26T15:36:14+00:00","og_image":[{"width":800,"height":600,"url":"https:\/\/studiodescalanques.fr\/wp-content\/uploads\/2025\/11\/visite-vieux-port-La-Ciotat.jpeg","type":"image\/jpeg"}],"twitter_card":"summary_large_image","twitter_misc":{"Dur\u00e9e de lecture estim\u00e9e":"4 minutes"},"schema":{"@context":"https:\/\/schema.org","@graph":[{"@type":"WebPage","@id":"https:\/\/studiodescalanques.fr\/index.php\/lendroit\/","url":"https:\/\/studiodescalanques.fr\/index.php\/lendroit\/","name":"L'endroit - Le studio des calanques","isPartOf":{"@id":"https:\/\/studiodescalanques.fr\/#website"},"primaryImageOfPage":{"@id":"https:\/\/studiodescalanques.fr\/index.php\/lendroit\/#primaryimage"},"image":{"@id":"https:\/\/studiodescalanques.fr\/index.php\/lendroit\/#primaryimage"},"thumbnailUrl":"https:\/\/studiodescalanques.fr\/wp-content\/uploads\/2025\/11\/visite-vieux-port-La-Ciotat.jpeg","datePublished":"2025-11-25T10:43:21+00:00","dateModified":"2025-11-26T15:36:14+00:00","description":"Le studio des calanques, id\u00e9alement situ\u00e9, vous attend pour un s\u00e9jour de r\u00eave \u00e0 La Ciotat.","breadcrumb":{"@id":"https:\/\/studiodescalanques.fr\/index.php\/lendroit\/#breadcrumb"},"inLanguage":"fr-FR","potentialAction":[{"@type":"ReadAction","target":["https:\/\/studiodescalanques.fr\/index.php\/lendroit\/"]}]},{"@type":"ImageObject","inLanguage":"fr-FR","@id":"https:\/\/studiodescalanques.fr\/index.php\/lendroit\/#primaryimage","url":"https:\/\/studiodescalanques.fr\/wp-content\/uploads\/2025\/11\/visite-vieux-port-La-Ciotat.jpeg","contentUrl":"https:\/\/studiodescalanques.fr\/wp-content\/uploads\/2025\/11\/visite-vieux-port-La-Ciotat.jpeg","width":800,"height":600},{"@type":"BreadcrumbList","@id":"https:\/\/studiodescalanques.fr\/index.php\/lendroit\/#breadcrumb","itemListElement":[{"@type":"ListItem","position":1,"name":"Accueil","item":"https:\/\/studiodescalanques.fr\/"},{"@type":"ListItem","position":2,"name":"L&rsquo;endroit"}]},{"@type":"WebSite","@id":"https:\/\/studiodescalanques.fr\/#website","url":"https:\/\/studiodescalanques.fr\/","name":"Le studio des calanques","description":"Le studio des calanques","publisher":{"@id":"https:\/\/studiodescalanques.fr\/#organization"},"potentialAction":[{"@type":"SearchAction","target":{"@type":"EntryPoint","urlTemplate":"https:\/\/studiodescalanques.fr\/?s={search_term_string}"},"query-input":{"@type":"PropertyValueSpecification","valueRequired":true,"valueName":"search_term_string"}}],"inLanguage":"fr-FR"},{"@type":"Organization","@id":"https:\/\/studiodescalanques.fr\/#organization","name":"Le studio des calanques","url":"https:\/\/studiodescalanques.fr\/","logo":{"@type":"ImageObject","inLanguage":"fr-FR","@id":"https:\/\/studiodescalanques.fr\/#\/schema\/logo\/image\/","url":"https:\/\/studiodescalanques.fr\/wp-content\/uploads\/2025\/11\/le-port-de-la-ciotat.jpg.webp","contentUrl":"https:\/\/studiodescalanques.fr\/wp-content\/uploads\/2025\/11\/le-port-de-la-ciotat.jpg.webp","width":620,"height":400,"caption":"Le studio des calanques"},"image":{"@id":"https:\/\/studiodescalanques.fr\/#\/schema\/logo\/image\/"}}]}},"jetpack_sharing_enabled":true,"_links":{"self":[{"href":"https:\/\/studiodescalanques.fr\/index.php\/wp-json\/wp\/v2\/pages\/86","targetHints":{"allow":["GET"]}}],"collection":[{"href":"https:\/\/studiodescalanques.fr\/index.php\/wp-json\/wp\/v2\/pages"}],"about":[{"href":"https:\/\/studiodescalanques.fr\/index.php\/wp-json\/wp\/v2\/types\/page"}],"author":[{"embeddable":true,"href":"https:\/\/studiodescalanques.fr\/index.php\/wp-json\/wp\/v2\/users\/1"}],"replies":[{"embeddable":true,"href":"https:\/\/studiodescalanques.fr\/index.php\/wp-json\/wp\/v2\/comments?post=86"}],"version-history":[{"count":6,"href":"https:\/\/studiodescalanques.fr\/index.php\/wp-json\/wp\/v2\/pages\/86\/revisions"}],"predecessor-version":[{"id":168,"href":"https:\/\/studiodescalanques.fr\/index.php\/wp-json\/wp\/v2\/pages\/86\/revisions\/168"}],"wp:featuredmedia":[{"embeddable":true,"href":"https:\/\/studiodescalanques.fr\/index.php\/wp-json\/wp\/v2\/media\/90"}],"wp:attachment":[{"href":"https:\/\/studiodescalanques.fr\/index.php\/wp-json\/wp\/v2\/media?parent=86"}],"curies":[{"name":"wp","href":"https:\/\/api.w.org\/{rel}","templated":true}]}}